{"id":3267,"date":"2022-12-23T18:14:59","date_gmt":"2022-12-23T21:14:59","guid":{"rendered":"https:\/\/gualaxovivo.com.br\/?page_id=3267"},"modified":"2022-12-23T21:02:15","modified_gmt":"2022-12-24T00:02:15","slug":"4-roda-de-conversa-o-sonoro-como-resistencia-e-recriacao-do-ensino","status":"publish","type":"page","link":"https:\/\/gualaxovivo.com.br\/index.php\/4-roda-de-conversa-o-sonoro-como-resistencia-e-recriacao-do-ensino\/","title":{"rendered":"4\u00b0 Roda de Conversa: O sonoro como resist\u00eancia e recria\u00e7\u00e3o do ensino"},"content":{"rendered":"\n<h1 class=\"has-text-align-center wp-block-heading\">4\u00b0 Roda de Conversa: O sonoro como resist\u00eancia e recria\u00e7\u00e3o do ensino<\/h1>\n\n\n\n<h4 class=\"has-text-align-center wp-block-heading\">14\/09\/2022 &#8211; manh\u00e3<\/h4>\n\n\n\n<div class=\"wp-block-columns is-layout-flex wp-container-core-columns-layout-1 wp-block-columns-is-layout-flex\">\n<div class=\"wp-block-column is-layout-flow wp-block-column-is-layout-flow\" style=\"flex-basis:66.66%\">\n<div class=\"wp-block-media-text alignwide is-stacked-on-mobile\" style=\"grid-template-columns:15% auto\"><figure class=\"wp-block-media-text__media\"><img loading=\"lazy\" decoding=\"async\" width=\"424\" height=\"296\" src=\"https:\/\/gualaxovivo.com.br\/wp-content\/uploads\/2022\/12\/Cibele-Viana.jpeg\" alt=\"\" class=\"wp-image-3268 size-full\" srcset=\"https:\/\/gualaxovivo.com.br\/wp-content\/uploads\/2022\/12\/Cibele-Viana.jpeg 424w, https:\/\/gualaxovivo.com.br\/wp-content\/uploads\/2022\/12\/Cibele-Viana-300x209.jpeg 300w\" sizes=\"(max-width: 424px) 100vw, 424px\" \/><\/figure><div class=\"wp-block-media-text__content\">\n<p>Apresenta\u00e7\u00e3o da tem\u00e1tica da roda de conversa (Dout. Cibele A. Viana).<\/p>\n<\/div><\/div>\n\n\n\n<div class=\"wp-block-media-text alignwide has-media-on-the-right is-stacked-on-mobile is-vertically-aligned-bottom\" style=\"grid-template-columns:auto 15%\"><figure class=\"wp-block-media-text__media\"><img loading=\"lazy\" decoding=\"async\" width=\"640\" height=\"640\" src=\"https:\/\/gualaxovivo.com.br\/wp-content\/uploads\/2022\/12\/Alexandra-campos.jpg\" alt=\"\" class=\"wp-image-3269 size-full\" srcset=\"https:\/\/gualaxovivo.com.br\/wp-content\/uploads\/2022\/12\/Alexandra-campos.jpg 640w, https:\/\/gualaxovivo.com.br\/wp-content\/uploads\/2022\/12\/Alexandra-campos-300x300.jpg 300w, https:\/\/gualaxovivo.com.br\/wp-content\/uploads\/2022\/12\/Alexandra-campos-150x150.jpg 150w\" sizes=\"(max-width: 640px) 100vw, 640px\" \/><\/figure><div class=\"wp-block-media-text__content\">\n<p class=\"has-text-align-right\">Reflex\u00e3o da Profa. Dra. Alexandra Resende Campos&nbsp;(UFOP)<\/p>\n<\/div><\/div>\n\n\n\n<div class=\"wp-block-media-text alignwide has-media-on-the-right is-stacked-on-mobile is-vertically-aligned-top\" style=\"grid-template-columns:auto 15%\"><figure class=\"wp-block-media-text__media\"><img loading=\"lazy\" decoding=\"async\" width=\"432\" height=\"394\" src=\"https:\/\/gualaxovivo.com.br\/wp-content\/uploads\/2022\/12\/Marcelo-Loures.png\" alt=\"\" class=\"wp-image-3270 size-full\" srcset=\"https:\/\/gualaxovivo.com.br\/wp-content\/uploads\/2022\/12\/Marcelo-Loures.png 432w, https:\/\/gualaxovivo.com.br\/wp-content\/uploads\/2022\/12\/Marcelo-Loures-300x274.png 300w\" sizes=\"(max-width: 432px) 100vw, 432px\" \/><\/figure><div class=\"wp-block-media-text__content\">\n<p class=\"has-text-align-right\">e do&nbsp; Prof. Marcelo Loures dos Santos (UFOP), sobre o projeto de educa\u00e7\u00e3o no campo.<\/p>\n<\/div><\/div>\n\n\n\n<div class=\"wp-block-media-text alignwide is-stacked-on-mobile\" style=\"grid-template-columns:15% auto\"><figure class=\"wp-block-media-text__media\"><img loading=\"lazy\" decoding=\"async\" width=\"184\" height=\"199\" src=\"https:\/\/gualaxovivo.com.br\/wp-content\/uploads\/2022\/12\/Cilesia-CArvalho.png\" alt=\"\" class=\"wp-image-3271 size-full\"\/><\/figure><div class=\"wp-block-media-text__content\">\n<p>Reflex\u00e3o da Profa. Cilesia Maria de Oliveira Carvalho, diretora da E. E. Padre Jos\u00e9 Epif\u00e2nio Gon\u00e7alves (Barra Longa), sobre a dimens\u00e3o pedag\u00f3gica das sonoridades da regi\u00e3o do Gualaxo do Norte.<\/p>\n<\/div><\/div>\n\n\n\n<div class=\"wp-block-media-text alignwide has-media-on-the-right is-stacked-on-mobile\" style=\"grid-template-columns:auto 15%\"><figure class=\"wp-block-media-text__media\"><img loading=\"lazy\" decoding=\"async\" width=\"177\" height=\"177\" src=\"https:\/\/gualaxovivo.com.br\/wp-content\/uploads\/2022\/12\/Silvani-Ferreira.png\" alt=\"\" class=\"wp-image-3272 size-full\" srcset=\"https:\/\/gualaxovivo.com.br\/wp-content\/uploads\/2022\/12\/Silvani-Ferreira.png 177w, https:\/\/gualaxovivo.com.br\/wp-content\/uploads\/2022\/12\/Silvani-Ferreira-150x150.png 150w\" sizes=\"(max-width: 177px) 100vw, 177px\" \/><\/figure><div class=\"wp-block-media-text__content\">\n<p class=\"has-text-align-right\">Reflex\u00e3o da Profa. Silvany Dias Ferreira, da E. M. Bento Rodrigues (Mariana), sobre a dimens\u00e3o pedag\u00f3gica das sonoridades da regi\u00e3o do Gualaxo do Norte.<\/p>\n<\/div><\/div>\n\n\n\n<div class=\"wp-block-media-text alignwide is-stacked-on-mobile\" style=\"grid-template-columns:15% auto\"><figure class=\"wp-block-media-text__media\"><img loading=\"lazy\" decoding=\"async\" width=\"153\" height=\"148\" src=\"https:\/\/gualaxovivo.com.br\/wp-content\/uploads\/2022\/12\/Guilherme.png\" alt=\"\" class=\"wp-image-3273 size-full\"\/><\/figure><div class=\"wp-block-media-text__content\">\n<p>S\u00edntese das exposi\u00e7\u00f5es e debates (Prof. Dr. Guilherme Paoliello \u2013 UFOP e mediador da roda de conversa).<\/p>\n<\/div><\/div>\n<\/div>\n\n\n\n<div class=\"wp-block-column is-layout-flow wp-block-column-is-layout-flow\" style=\"flex-basis:33.33%\">\n<p>Clique no \u00edcone do v\u00eddeo para assistir \u00e0 roda de conversa:<\/p>\n\n\n\n<div class=\"wp-block-image is-style-default\"><figure class=\"aligncenter size-large\"><img loading=\"lazy\" decoding=\"async\" width=\"174\" height=\"174\" src=\"https:\/\/gualaxovivo.com.br\/wp-content\/uploads\/2022\/12\/image-4.png\" alt=\"\" class=\"wp-image-3237\" srcset=\"https:\/\/gualaxovivo.com.br\/wp-content\/uploads\/2022\/12\/image-4.png 174w, https:\/\/gualaxovivo.com.br\/wp-content\/uploads\/2022\/12\/image-4-150x150.png 150w\" sizes=\"(max-width: 174px) 100vw, 174px\" \/><\/figure><\/div>\n\n\n\n<p><a href=\"https:\/\/gualaxovivo.com.br\/wp-content\/uploads\/2022\/12\/Roda-de-conversa-O-sonoro-como-resistencia-e-recriacao-no-ensino.pdf\" data-type=\"URL\" data-id=\"https:\/\/gualaxovivo.com.br\/wp-content\/uploads\/2022\/12\/Roda-de-conversa-O-sonoro-como-resistencia-e-recriacao-no-ensino.pdf\" target=\"_blank\" rel=\"noreferrer noopener\">Clique aqui <\/a>para acessar o texto \u201cEscutas e testemunhos\u201d, introdut\u00f3rio da roda de conversa.<\/p>\n<\/div>\n<\/div>\n","protected":false},"excerpt":{"rendered":"<p>4\u00b0 Roda de Conversa: O sonoro como resist\u00eancia e recria\u00e7\u00e3o do ensino 14\/09\/2022 &#8211; manh\u00e3 Apresenta\u00e7\u00e3o da tem\u00e1tica da roda..<\/p>\n","protected":false},"author":1,"featured_media":0,"parent":0,"menu_order":0,"comment_status":"closed","ping_status":"closed","template":"","meta":{"footnotes":""},"_links":{"self":[{"href":"https:\/\/gualaxovivo.com.br\/index.php\/wp-json\/wp\/v2\/pages\/3267"}],"collection":[{"href":"https:\/\/gualaxovivo.com.br\/index.php\/wp-json\/wp\/v2\/pages"}],"about":[{"href":"https:\/\/gualaxovivo.com.br\/index.php\/wp-json\/wp\/v2\/types\/page"}],"author":[{"embeddable":true,"href":"https:\/\/gualaxovivo.com.br\/index.php\/wp-json\/wp\/v2\/users\/1"}],"replies":[{"embeddable":true,"href":"https:\/\/gualaxovivo.com.br\/index.php\/wp-json\/wp\/v2\/comments?post=3267"}],"version-history":[{"count":3,"href":"https:\/\/gualaxovivo.com.br\/index.php\/wp-json\/wp\/v2\/pages\/3267\/revisions"}],"predecessor-version":[{"id":3307,"href":"https:\/\/gualaxovivo.com.br\/index.php\/wp-json\/wp\/v2\/pages\/3267\/revisions\/3307"}],"wp:attachment":[{"href":"https:\/\/gualaxovivo.com.br\/index.php\/wp-json\/wp\/v2\/media?parent=3267"}],"curies":[{"name":"wp","href":"https:\/\/api.w.org\/{rel}","templated":true}]}}

4° Roda de Conversa: O sonoro como resistência e recriação do ensino

<h1 class="has-text-align-center wp-block-heading">4° Roda de Conversa: O sonoro como resistência e recriação do ensino</h1>



<h4 class="has-text-align-center wp-block-heading">14/09/2022 &#8211; manhã</h4>



<div class="wp-block-columns is-layout-flex wp-container-core-columns-layout-1 wp-block-columns-is-layout-flex">
<div class="wp-block-column is-layout-flow wp-block-column-is-layout-flow" style="flex-basis:66.66%">
<div class="wp-block-media-text alignwide is-stacked-on-mobile" style="grid-template-columns:15% auto"><figure class="wp-block-media-text__media"><img loading="lazy" decoding="async" width="424" height="296" src="https://gualaxovivo.com.br/wp-content/uploads/2022/12/Cibele-Viana.jpeg" alt="" class="wp-image-3268 size-full" srcset="https://gualaxovivo.com.br/wp-content/uploads/2022/12/Cibele-Viana.jpeg 424w, https://gualaxovivo.com.br/wp-content/uploads/2022/12/Cibele-Viana-300x209.jpeg 300w" sizes="(max-width: 424px) 100vw, 424px" /></figure><div class="wp-block-media-text__content">
<p>Apresentação da temática da roda de conversa (Dout. Cibele A. Viana).</p>
</div></div>



<div class="wp-block-media-text alignwide has-media-on-the-right is-stacked-on-mobile is-vertically-aligned-bottom" style="grid-template-columns:auto 15%"><figure class="wp-block-media-text__media"><img loading="lazy" decoding="async" width="640" height="640" src="https://gualaxovivo.com.br/wp-content/uploads/2022/12/Alexandra-campos.jpg" alt="" class="wp-image-3269 size-full" srcset="https://gualaxovivo.com.br/wp-content/uploads/2022/12/Alexandra-campos.jpg 640w, https://gualaxovivo.com.br/wp-content/uploads/2022/12/Alexandra-campos-300x300.jpg 300w, https://gualaxovivo.com.br/wp-content/uploads/2022/12/Alexandra-campos-150x150.jpg 150w" sizes="(max-width: 640px) 100vw, 640px" /></figure><div class="wp-block-media-text__content">
<p class="has-text-align-right">Reflexão da Profa. Dra. Alexandra Resende Campos&nbsp;(UFOP)</p>
</div></div>



<div class="wp-block-media-text alignwide has-media-on-the-right is-stacked-on-mobile is-vertically-aligned-top" style="grid-template-columns:auto 15%"><figure class="wp-block-media-text__media"><img loading="lazy" decoding="async" width="432" height="394" src="https://gualaxovivo.com.br/wp-content/uploads/2022/12/Marcelo-Loures.png" alt="" class="wp-image-3270 size-full" srcset="https://gualaxovivo.com.br/wp-content/uploads/2022/12/Marcelo-Loures.png 432w, https://gualaxovivo.com.br/wp-content/uploads/2022/12/Marcelo-Loures-300x274.png 300w" sizes="(max-width: 432px) 100vw, 432px" /></figure><div class="wp-block-media-text__content">
<p class="has-text-align-right">e do&nbsp; Prof. Marcelo Loures dos Santos (UFOP), sobre o projeto de educação no campo.</p>
</div></div>



<div class="wp-block-media-text alignwide is-stacked-on-mobile" style="grid-template-columns:15% auto"><figure class="wp-block-media-text__media"><img loading="lazy" decoding="async" width="184" height="199" src="https://gualaxovivo.com.br/wp-content/uploads/2022/12/Cilesia-CArvalho.png" alt="" class="wp-image-3271 size-full"/></figure><div class="wp-block-media-text__content">
<p>Reflexão da Profa. Cilesia Maria de Oliveira Carvalho, diretora da E. E. Padre José Epifânio Gonçalves (Barra Longa), sobre a dimensão pedagógica das sonoridades da região do Gualaxo do Norte.</p>
</div></div>



<div class="wp-block-media-text alignwide has-media-on-the-right is-stacked-on-mobile" style="grid-template-columns:auto 15%"><figure class="wp-block-media-text__media"><img loading="lazy" decoding="async" width="177" height="177" src="https://gualaxovivo.com.br/wp-content/uploads/2022/12/Silvani-Ferreira.png" alt="" class="wp-image-3272 size-full" srcset="https://gualaxovivo.com.br/wp-content/uploads/2022/12/Silvani-Ferreira.png 177w, https://gualaxovivo.com.br/wp-content/uploads/2022/12/Silvani-Ferreira-150x150.png 150w" sizes="(max-width: 177px) 100vw, 177px" /></figure><div class="wp-block-media-text__content">
<p class="has-text-align-right">Reflexão da Profa. Silvany Dias Ferreira, da E. M. Bento Rodrigues (Mariana), sobre a dimensão pedagógica das sonoridades da região do Gualaxo do Norte.</p>
</div></div>



<div class="wp-block-media-text alignwide is-stacked-on-mobile" style="grid-template-columns:15% auto"><figure class="wp-block-media-text__media"><img loading="lazy" decoding="async" width="153" height="148" src="https://gualaxovivo.com.br/wp-content/uploads/2022/12/Guilherme.png" alt="" class="wp-image-3273 size-full"/></figure><div class="wp-block-media-text__content">
<p>Síntese das exposições e debates (Prof. Dr. Guilherme Paoliello – UFOP e mediador da roda de conversa).</p>
</div></div>
</div>



<div class="wp-block-column is-layout-flow wp-block-column-is-layout-flow" style="flex-basis:33.33%">
<p>Clique no ícone do vídeo para assistir à roda de conversa:</p>



<div class="wp-block-image is-style-default"><figure class="aligncenter size-large"><img loading="lazy" decoding="async" width="174" height="174" src="https://gualaxovivo.com.br/wp-content/uploads/2022/12/image-4.png" alt="" class="wp-image-3237" srcset="https://gualaxovivo.com.br/wp-content/uploads/2022/12/image-4.png 174w, https://gualaxovivo.com.br/wp-content/uploads/2022/12/image-4-150x150.png 150w" sizes="(max-width: 174px) 100vw, 174px" /></figure></div>



<p><a href="https://gualaxovivo.com.br/wp-content/uploads/2022/12/Roda-de-conversa-O-sonoro-como-resistencia-e-recriacao-no-ensino.pdf" data-type="URL" data-id="https://gualaxovivo.com.br/wp-content/uploads/2022/12/Roda-de-conversa-O-sonoro-como-resistencia-e-recriacao-no-ensino.pdf" target="_blank" rel="noreferrer noopener">Clique aqui </a>para acessar o texto “Escutas e testemunhos”, introdutório da roda de conversa.</p>
</div>
</div>

<p>4° Roda de Conversa: O sonoro como resistência e recriação do ensino 14/09/2022 &#8211; manhã Apresentação da temática da roda..</p>
