{"id":2803,"date":"2022-08-29T12:43:42","date_gmt":"2022-08-29T15:43:42","guid":{"rendered":"https:\/\/gualaxovivo.com.br\/?page_id=2803"},"modified":"2022-08-29T12:43:42","modified_gmt":"2022-08-29T15:43:42","slug":"oficina-pedagogica-ee-cel-benjamin-guimaraes-passagem-de-mariana-mariana-mg","status":"publish","type":"page","link":"https:\/\/gualaxovivo.com.br\/index.php\/oficinas\/oficinas-pedagogicas\/oficina-pedagogica-ee-cel-benjamin-guimaraes-passagem-de-mariana-mariana-mg\/","title":{"rendered":"Oficina Pedag\u00f3gica \u2013 EE Cel. Benjamin Guimar\u00e3es \u2013 Passagem de Mariana, Mariana \u2013 MG"},"content":{"rendered":"\n\n<style>\n\t#hotspot-2801 .hotspots-image-container,\n\t#hotspot-2801 .leaflet-container {\n\t\tbackground: #efefef\t}\n\n\t#hotspot-2801 .hotspots-placeholder,\n\t.featherlight .featherlight-content.lightbox-2801 {\n\t\tbackground: #ffffff;\n\t\tborder: 0 #ffffff solid;\n\t\tcolor: #000000;\n\t}\n\n\t#hotspot-2801 .hotspot-title,\n\t#hotspot-2801 .bc-product__title a,\n\t.featherlight .featherlight-content.lightbox-2801 .hotspot-title,\n\t.featherlight .featherlight-content.lightbox-2801 .bc-product__title a {\n\t\tcolor: #000000;\n\t}\n\n\t\t\t#hotspot-2801 .hotspot-Custom {\n\t\t\tstroke-width: 1;\n\t\t\tfill: #ffffff;\n\t\t\tfill-opacity: 0;\n\t\t\tstroke: #ffffff;\n\t\t\tstroke-opacity: 0;\n\t\t}\n\t\t#hotspot-2801 .hotspot-Custom:hover,\n\t\t#hotspot-2801 .hotspot-Custom:focus,\n\t\t#hotspot-2801 .hotspot-Custom.hotspot-active {\n\t\t\tfill: #ffffff;\n\t\t\tfill-opacity: 0.81;\n\t\t\toutline: none;\n\t\t\tstroke: #ffffff;\n\t\t\tstroke-opacity: 0.81;\n\t\t}\n\t\t\t#hotspot-2801 .hotspot-default {\n\t\t\tstroke-width: 1;\n\t\t\tfill: #ffffff;\n\t\t\tfill-opacity: 0;\n\t\t\tstroke: #ffffff;\n\t\t\tstroke-opacity: 0;\n\t\t}\n\t\t#hotspot-2801 .hotspot-default:hover,\n\t\t#hotspot-2801 .hotspot-default:focus,\n\t\t#hotspot-2801 .hotspot-default.hotspot-active {\n\t\t\tfill: #ffffff;\n\t\t\tfill-opacity: 0.21;\n\t\t\toutline: none;\n\t\t\tstroke: #ffffff;\n\t\t\tstroke-opacity: 0.81;\n\t\t}\n\t\t#hotspot-2801 .leaflet-tooltip,\n\t#hotspot-2801 .leaflet-rrose-content-wrapper {\n\t\tbackground: #ffffff;\n\t\tborder-color: #ffffff;\n\t\tcolor: #000000;\n\t}\n\n\t#hotspot-2801 a.leaflet-rrose-close-button {\n\t\tcolor: #000000;\n\t}\n\n\t#hotspot-2801 .leaflet-rrose-tip {\n\t\tbackground: #ffffff;\n\t}\n\n\t#hotspot-2801 .leaflet-popup-scrolled {\n\t\tborder-bottom-color: #000000;\n\t\tborder-top-color: #000000;\n\t}\n\n\t#hotspot-2801 .leaflet-tooltip-top:before {\n\t\tborder-top-color: #ffffff;\n\t}\n\n\t#hotspot-2801 .leaflet-tooltip-bottom:before {\n\t\tborder-bottom-color: #ffffff;\n\t}\n\t#hotspot-2801 .leaflet-tooltip-left:before {\n\t\tborder-left-color: #ffffff;\n\t}\n\t#hotspot-2801 .leaflet-tooltip-right:before {\n\t\tborder-right-color: #ffffff;\n\t}\n<\/style>\n\n\n\t<div class=\"hotspots-container  layout-right event-click\" id=\"hotspot-2801\" data-layout=\"right\" data-trigger=\"click\">\n\t\t<div class=\"hotspots-interaction\">\n\t\t\t\t<div class=\"hotspots-placeholder\" id=\"content-hotspot-2801\">\n\t\t<div class=\"hotspot-initial\">\n\t\t\t<h2 class=\"hotspot-title\">\n\t\t\t\tOficina Pedag\u00f3gica \u2013 EE Cel. Benjamin Guimar\u00e3es \u2013 Passagem de Mariana, Mariana \u2013 MG\t\t\t<\/h2>\n\t\t\t<div class=\"hotspot-content\">\n\t\t\t\t\t\t\t\t<h3>Oficina Pedag\u00f3gica \u2013 EE Cel. Benjamin Guimar\u00e3es \u2013 Passagem de Mariana, Mariana \u2013 MG<\/h3>\n<p>A partir do come\u00e7o de 2022, a equipe do Gualaxo Vivo teve como objetivo um contato maior com as comunidades ao redor do rio Gualaxo do Norte e a partir de oficinas pedag\u00f3gicas que apresentassem o nosso trabalho aos jovens da regi\u00e3o, pudemos contar com a participa\u00e7\u00e3o deles para construir esse mapa. <\/p>\n<p>Obs.: Al\u00e9m dessas sonoridades\/sensorialidades, foram mencionados os seguintes itens, que j\u00e1 constam de outros mapas e n\u00e3o foram inseridos nesta cartografia para a imagem n\u00e3o ficar muito confusa: p\u00e1ssaros, cachorro, crian\u00e7a, maritaca, cachoeira, caminh\u00f5es, port\u00e3o e cadeado, carro, gato, galinha\/galo, TV, telefone\/celular, cavalo\/\u00e9gua. <\/p>\n\t\t\t\t\t\t\t<\/div>\n\t\t<\/div>\n\t<\/div>\n<div class=\"hotspots-image-container\">\n\t<img\n\t\twidth=\"3338\"\n\t\theight=\"2503\"\n\t\tsrc=\"https:\/\/gualaxovivo.com.br\/wp-content\/uploads\/2022\/08\/pedagogico_passagemMariana.png\"\n\t\talt=\"Oficina Pedag\u00f3gica \u2013 EE Cel. Benjamin Guimar\u00e3es \u2013 Passagem de Mariana, Mariana \u2013 MG\"\n\t\tclass=\"hotspots-image skip-lazy\"\n\t\tusemap=\"#hotspots-image-2801\"\n\t\tdata-image-title=\"Oficina Pedag\u00f3gica \u2013 EE Cel. Benjamin Guimar\u00e3es \u2013 Passagem de Mariana, Mariana \u2013 MG\"\n\t\tdata-image-description=\"Oficina Pedag\u00f3gica \u2013 EE Cel. Benjamin Guimar\u00e3es \u2013 Passagem de Mariana, Mariana \u2013 MG\r\nA partir do come\u00e7o de 2022, a equipe do Gualaxo Vivo teve como objetivo um contato maior com as comunidades ao redor do rio Gualaxo do Norte e a partir de oficinas pedag\u00f3gicas que apresentassem o nosso trabalho aos jovens da regi\u00e3o, pudemos contar com a participa\u00e7\u00e3o deles para construir esse mapa. \r\n\r\nObs.: Al\u00e9m dessas sonoridades\/sensorialidades, foram mencionados os seguintes itens, que j\u00e1 constam de outros mapas e n\u00e3o foram inseridos nesta cartografia para a imagem n\u00e3o ficar muito confusa: p\u00e1ssaros, cachorro, crian\u00e7a, maritaca, cachoeira, caminh\u00f5es, port\u00e3o e cadeado, carro, gato, galinha\/galo, TV, telefone\/celular, cavalo\/\u00e9gua.\"\n\t\tdata-event-trigger=\"click\"\n\t\tdata-always-visible=\"false\"\n\t\tdata-id=\"2801\"\n\t\tdata-no-lazy=\"1\"\n\t\tdata-lazy-src=\"\"\n\t\tdata-lazy=\"false\"\n\t\tloading=\"eager\"\n\t\tdata-skip-lazy=\"1\"\n\t\t>\n<\/div>\t\t<\/div>\n\t\t<map name=\"hotspots-image-2801\" class=\"hotspots-map\">\n\t\t\t\t\t\t\t\t\t\t\t<area\n\t\t\t\t\tshape=\"poly\"\n\t\t\t\t\tcoords=\"2244,686,2278,646,2390,632,2460,700,2439,751,2424,900,2351,916,2269,905,2271,746\"\n\t\t\t\t\thref=\"#hotspot-hotspot-2801-0\"\n\t\t\t\t\trel=\"\"\n\t\t\t\t\ttitle=\"Ferramentas\"\n\t\t\t\t\talt=\"Ferramentas\"\n\t\t\t\t\tdata-action=\"\"\n\t\t\t\t\tdata-color-scheme=\"\"\n\t\t\t\t\tdata-id=\"area-hotspot-2801-0\"\n\t\t\t\t\ttarget=\"\"\n\t\t\t\t\tclass=\"more-info-area\"\n\t\t\t\t\t>\n\t\t\t\t\t\t\t\t\t\t\t<area\n\t\t\t\t\tshape=\"poly\"\n\t\t\t\t\tcoords=\"2326,1874,2439,1797,2555,1882,2537,2029,2341,2040,2316,1964\"\n\t\t\t\t\thref=\"#hotspot-hotspot-2801-1\"\n\t\t\t\t\trel=\"\"\n\t\t\t\t\ttitle=\"Fam\u00edlia\"\n\t\t\t\t\talt=\"Fam\u00edlia\"\n\t\t\t\t\tdata-action=\"\"\n\t\t\t\t\tdata-color-scheme=\"\"\n\t\t\t\t\tdata-id=\"area-hotspot-2801-1\"\n\t\t\t\t\ttarget=\"\"\n\t\t\t\t\tclass=\"more-info-area\"\n\t\t\t\t\t>\n\t\t\t\t\t\t\t\t\t\t\t<area\n\t\t\t\t\tshape=\"poly\"\n\t\t\t\t\tcoords=\"1893,1674,1992,1628,2092,1732,2062,1831,1975,1855\"\n\t\t\t\t\thref=\"#hotspot-hotspot-2801-2\"\n\t\t\t\t\trel=\"\"\n\t\t\t\t\ttitle=\"Saxofone\"\n\t\t\t\t\talt=\"Saxofone\"\n\t\t\t\t\tdata-action=\"\"\n\t\t\t\t\tdata-color-scheme=\"\"\n\t\t\t\t\tdata-id=\"area-hotspot-2801-2\"\n\t\t\t\t\ttarget=\"\"\n\t\t\t\t\tclass=\"more-info-area\"\n\t\t\t\t\t>\n\t\t\t\t\t\t\t\t\t\t\t<area\n\t\t\t\t\tshape=\"poly\"\n\t\t\t\t\tcoords=\"1617,856,1777,850,1789,922,1750,1030,1636,1027,1608,936\"\n\t\t\t\t\thref=\"#hotspot-hotspot-2801-3\"\n\t\t\t\t\trel=\"\"\n\t\t\t\t\ttitle=\"Pernilongo\"\n\t\t\t\t\talt=\"Pernilongo\"\n\t\t\t\t\tdata-action=\"\"\n\t\t\t\t\tdata-color-scheme=\"\"\n\t\t\t\t\tdata-id=\"area-hotspot-2801-3\"\n\t\t\t\t\ttarget=\"\"\n\t\t\t\t\tclass=\"more-info-area\"\n\t\t\t\t\t>\n\t\t\t\t\t\t\t\t\t\t\t<area\n\t\t\t\t\tshape=\"poly\"\n\t\t\t\t\tcoords=\"1166,1378,1330,1373,1368,1461,1313,1565,1172,1557,1137,1469\"\n\t\t\t\t\thref=\"#hotspot-hotspot-2801-4\"\n\t\t\t\t\trel=\"\"\n\t\t\t\t\ttitle=\"M\u00fasica\"\n\t\t\t\t\talt=\"M\u00fasica\"\n\t\t\t\t\tdata-action=\"\"\n\t\t\t\t\tdata-color-scheme=\"\"\n\t\t\t\t\tdata-id=\"area-hotspot-2801-4\"\n\t\t\t\t\ttarget=\"\"\n\t\t\t\t\tclass=\"more-info-area\"\n\t\t\t\t\t>\n\t\t\t\t\t\t\t\t\t\t\t<area\n\t\t\t\t\tshape=\"poly\"\n\t\t\t\t\tcoords=\"1049,567,1208,573,1209,695,1111,814,1000,812\"\n\t\t\t\t\thref=\"#hotspot-hotspot-2801-5\"\n\t\t\t\t\trel=\"\"\n\t\t\t\t\ttitle=\"Xingamentos\"\n\t\t\t\t\talt=\"Xingamentos\"\n\t\t\t\t\tdata-action=\"\"\n\t\t\t\t\tdata-color-scheme=\"\"\n\t\t\t\t\tdata-id=\"area-hotspot-2801-5\"\n\t\t\t\t\ttarget=\"\"\n\t\t\t\t\tclass=\"more-info-area\"\n\t\t\t\t\t>\n\t\t\t\t\t\t\t\t\t\t\t<area\n\t\t\t\t\tshape=\"poly\"\n\t\t\t\t\tcoords=\"489,1142,596,1141,610,1192,600,1224,578,1276,464,1284,462,1230,481,1202\"\n\t\t\t\t\thref=\"#hotspot-hotspot-2801-6\"\n\t\t\t\t\trel=\"\"\n\t\t\t\t\ttitle=\"Pessoas falando\"\n\t\t\t\t\talt=\"Pessoas falando\"\n\t\t\t\t\tdata-action=\"\"\n\t\t\t\t\tdata-color-scheme=\"\"\n\t\t\t\t\tdata-id=\"area-hotspot-2801-6\"\n\t\t\t\t\ttarget=\"\"\n\t\t\t\t\tclass=\"more-info-area\"\n\t\t\t\t\t>\n\t\t\t\t\t\t\t\t\t\t\t<area\n\t\t\t\t\tshape=\"poly\"\n\t\t\t\t\tcoords=\"362,1662,404,1660,410,1624,475,1629,479,1673,510,1678,526,1704,573,1680,600,1694,619,1761,584,1803,541,1786,523,1808,470,1810,474,1834,406,1833,389,1813,399,1785,365,1769\"\n\t\t\t\t\thref=\"#hotspot-hotspot-2801-7\"\n\t\t\t\t\trel=\"\"\n\t\t\t\t\ttitle=\"Som urbano\"\n\t\t\t\t\talt=\"Som urbano\"\n\t\t\t\t\tdata-action=\"\"\n\t\t\t\t\tdata-color-scheme=\"\"\n\t\t\t\t\tdata-id=\"area-hotspot-2801-7\"\n\t\t\t\t\ttarget=\"\"\n\t\t\t\t\tclass=\"more-info-area\"\n\t\t\t\t\t>\n\t\t\t\t\t<\/map>\n\n\t\t\n\t\t\t\t\t\n\t\t\t\t\t\t<div class=\"hotspot-info \" id=\"hotspot-hotspot-2801-0\">\n\t\t\t\t\n\t\t\t\t<h2 class=\"hotspot-title\">Ferramentas<\/h2>\t\t\t\t\t\t\t\t\t<div class=\"hotspot-thumb\">\n\t\t\t\t\t\t<img loading=\"lazy\" decoding=\"async\" width=\"221\" height=\"300\" src=\"https:\/\/gualaxovivo.com.br\/wp-content\/uploads\/2022\/08\/ferramenta-221x300.png\" class=\"attachment-medium size-medium\" alt=\"\" srcset=\"https:\/\/gualaxovivo.com.br\/wp-content\/uploads\/2022\/08\/ferramenta-221x300.png 221w, https:\/\/gualaxovivo.com.br\/wp-content\/uploads\/2022\/08\/ferramenta.png 357w\" sizes=\"(max-width: 221px) 100vw, 221px\" \/>\t\t\t\t\t<\/div>\n\t\t\t\t\t\t\t\t<div class=\"hotspot-content\">\n\t\t\t\t\t<p><!--[if lt IE 9]><script>document.createElement('audio');<\/script><![endif]--><br \/>\n<audio class=\"wp-audio-shortcode\" id=\"audio-2803-1\" preload=\"none\" style=\"width: 100%;\" controls=\"controls\"><source type=\"audio\/mpeg\" src=\"https:\/\/gualaxovivo.com.br\/wp-content\/uploads\/2022\/08\/pedagogico_passagem_Ferramentas.mp3?_=1\" \/><a href=\"https:\/\/gualaxovivo.com.br\/wp-content\/uploads\/2022\/08\/pedagogico_passagem_Ferramentas.mp3\">https:\/\/gualaxovivo.com.br\/wp-content\/uploads\/2022\/08\/pedagogico_passagem_Ferramentas.mp3<\/a><\/audio><\/p>\n<p style=\"font-size: 12px\">Ferramentas<br \/>\n<span style=\"font-size: 6pt\">https:\/\/www.youtube.com\/watch?v=Qh9LgZJULWU<\/span><\/p>\n<p style=\"font-size: 12px\"><a href=\"https:\/\/gualaxovivo.com.br\/wp-content\/uploads\/2022\/08\/ferramentas_fichas-prontas-pedagogica_passagem-7.pdf\" target=\"_blank\" rel=\"noopener\">Informa\u00e7\u00f5es textuais e imag\u00e9ticas contempor\u00e2neas sobre ferramentas, reunido em junho de 2022.<\/a><\/p>\n\t\t\t\t<\/div>\n\t\t\t<\/div>\n\t\t\t\t\t\n\t\t\t\t\t\t<div class=\"hotspot-info \" id=\"hotspot-hotspot-2801-1\">\n\t\t\t\t\n\t\t\t\t<h2 class=\"hotspot-title\">Fam\u00edlia<\/h2>\t\t\t\t\t\t\t\t\t<div class=\"hotspot-thumb\">\n\t\t\t\t\t\t<img loading=\"lazy\" decoding=\"async\" width=\"279\" height=\"300\" src=\"https:\/\/gualaxovivo.com.br\/wp-content\/uploads\/2022\/08\/familia-279x300.png\" class=\"attachment-medium size-medium\" alt=\"\" srcset=\"https:\/\/gualaxovivo.com.br\/wp-content\/uploads\/2022\/08\/familia-279x300.png 279w, https:\/\/gualaxovivo.com.br\/wp-content\/uploads\/2022\/08\/familia.png 402w\" sizes=\"(max-width: 279px) 100vw, 279px\" \/>\t\t\t\t\t<\/div>\n\t\t\t\t\t\t\t\t<div class=\"hotspot-content\">\n\t\t\t\t\t<p><audio class=\"wp-audio-shortcode\" id=\"audio-2803-2\" preload=\"none\" style=\"width: 100%;\" controls=\"controls\"><source type=\"audio\/mpeg\" src=\"https:\/\/gualaxovivo.com.br\/wp-content\/uploads\/2022\/08\/pedagogico_passagem_familia.mp3?_=2\" \/><a href=\"https:\/\/gualaxovivo.com.br\/wp-content\/uploads\/2022\/08\/pedagogico_passagem_familia.mp3\">https:\/\/gualaxovivo.com.br\/wp-content\/uploads\/2022\/08\/pedagogico_passagem_familia.mp3<\/a><\/audio><\/p>\n<p style=\"font-size: 12px\">Fam\u00edlia<br \/>\n<span style=\"font-size: 6pt\">https:\/\/www.youtube.com\/watch?v=njXaITp_5Q0<\/span><\/p>\n<p style=\"font-size: 12px\"><a href=\"https:\/\/gualaxovivo.com.br\/wp-content\/uploads\/2022\/08\/familia_fichas-prontas-pedagogica_passagem-6.pdf\" target=\"_blank\" rel=\"noopener\">Informa\u00e7\u00f5es textuais e imag\u00e9ticas contempor\u00e2neas sobre fam\u00edlia, reunido em junho de 2022.<\/a><\/p>\n\t\t\t\t<\/div>\n\t\t\t<\/div>\n\t\t\t\t\t\n\t\t\t\t\t\t<div class=\"hotspot-info \" id=\"hotspot-hotspot-2801-2\">\n\t\t\t\t\n\t\t\t\t<h2 class=\"hotspot-title\">Saxofone<\/h2>\t\t\t\t\t\t\t\t\t<div class=\"hotspot-thumb\">\n\t\t\t\t\t\t<img loading=\"lazy\" decoding=\"async\" width=\"251\" height=\"300\" src=\"https:\/\/gualaxovivo.com.br\/wp-content\/uploads\/2022\/08\/saxofone-251x300.png\" class=\"attachment-medium size-medium\" alt=\"\" srcset=\"https:\/\/gualaxovivo.com.br\/wp-content\/uploads\/2022\/08\/saxofone-251x300.png 251w, https:\/\/gualaxovivo.com.br\/wp-content\/uploads\/2022\/08\/saxofone.png 393w\" sizes=\"(max-width: 251px) 100vw, 251px\" \/>\t\t\t\t\t<\/div>\n\t\t\t\t\t\t\t\t<div class=\"hotspot-content\">\n\t\t\t\t\t<p><audio class=\"wp-audio-shortcode\" id=\"audio-2803-3\" preload=\"none\" style=\"width: 100%;\" controls=\"controls\"><source type=\"audio\/mpeg\" src=\"https:\/\/gualaxovivo.com.br\/wp-content\/uploads\/2022\/10\/ENDLESS-LOVE-Lionel-Richie-Sax-Angelo-Torres-Saxophone-Cover-AT-Romantic-CLASS.mp3?_=3\" \/><a href=\"https:\/\/gualaxovivo.com.br\/wp-content\/uploads\/2022\/10\/ENDLESS-LOVE-Lionel-Richie-Sax-Angelo-Torres-Saxophone-Cover-AT-Romantic-CLASS.mp3\">https:\/\/gualaxovivo.com.br\/wp-content\/uploads\/2022\/10\/ENDLESS-LOVE-Lionel-Richie-Sax-Angelo-Torres-Saxophone-Cover-AT-Romantic-CLASS.mp3<\/a><\/audio><\/p>\n<p style=\"font-size: 12px\">Saxofone<br \/>\n<span style=\"font-size: 6.0pt;line-height: 107%\">https:\/\/youtu.be\/gRj83OcBbXc<\/span><\/p>\n<p style=\"font-size: 12px\"><a href=\"https:\/\/gualaxovivo.com.br\/wp-content\/uploads\/2022\/08\/saxofone_fichas-prontas-pedagogica_passagem-3.pdf\" target=\"_blank\" rel=\"noopener\">Informa\u00e7\u00f5es textuais e imag\u00e9ticas contempor\u00e2neas sobre saxofone, reunido em junho de 2022.<\/a><\/p>\n\t\t\t\t<\/div>\n\t\t\t<\/div>\n\t\t\t\t\t\n\t\t\t\t\t\t<div class=\"hotspot-info \" id=\"hotspot-hotspot-2801-3\">\n\t\t\t\t\n\t\t\t\t<h2 class=\"hotspot-title\">Pernilongo<\/h2>\t\t\t\t\t\t\t\t\t<div class=\"hotspot-thumb\">\n\t\t\t\t\t\t<img loading=\"lazy\" decoding=\"async\" width=\"277\" height=\"300\" src=\"https:\/\/gualaxovivo.com.br\/wp-content\/uploads\/2022\/08\/pernilongo-277x300.png\" class=\"attachment-medium size-medium\" alt=\"\" srcset=\"https:\/\/gualaxovivo.com.br\/wp-content\/uploads\/2022\/08\/pernilongo-277x300.png 277w, https:\/\/gualaxovivo.com.br\/wp-content\/uploads\/2022\/08\/pernilongo.png 431w\" sizes=\"(max-width: 277px) 100vw, 277px\" \/>\t\t\t\t\t<\/div>\n\t\t\t\t\t\t\t\t<div class=\"hotspot-content\">\n\t\t\t\t\t<p><audio class=\"wp-audio-shortcode\" id=\"audio-2803-4\" preload=\"none\" style=\"width: 100%;\" controls=\"controls\"><source type=\"audio\/mpeg\" src=\"https:\/\/gualaxovivo.com.br\/wp-content\/uploads\/2022\/10\/Mosquito-Pernilongo-Som-Efeito-Sonoro.mp3?_=4\" \/><a href=\"https:\/\/gualaxovivo.com.br\/wp-content\/uploads\/2022\/10\/Mosquito-Pernilongo-Som-Efeito-Sonoro.mp3\">https:\/\/gualaxovivo.com.br\/wp-content\/uploads\/2022\/10\/Mosquito-Pernilongo-Som-Efeito-Sonoro.mp3<\/a><\/audio><\/p>\n<p style=\"font-size: 12px\">Pernilongos<br \/>\n<span style=\"font-size: 6.0pt;line-height: 107%\"><span style=\"font-family: TimesNewRomanPSMT\">https:\/\/www.youtube.com\/watch?v=TADwhnnDMCw<\/span><\/span><\/p>\n<p style=\"font-size: 12px\"><a href=\"https:\/\/gualaxovivo.com.br\/wp-content\/uploads\/2022\/08\/pernilongos_fichas-prontas-pedagogica_passagem-4.pdf\" target=\"_blank\" rel=\"noopener\">Informa\u00e7\u00f5es textuais e imag\u00e9ticas contempor\u00e2neas sobre pernilongos, reunido em junho de 2022.<\/a><\/p>\n\t\t\t\t<\/div>\n\t\t\t<\/div>\n\t\t\t\t\t\n\t\t\t\t\t\t<div class=\"hotspot-info \" id=\"hotspot-hotspot-2801-4\">\n\t\t\t\t\n\t\t\t\t<h2 class=\"hotspot-title\">M\u00fasica<\/h2>\t\t\t\t\t\t\t\t\t<div class=\"hotspot-thumb\">\n\t\t\t\t\t\t<img loading=\"lazy\" decoding=\"async\" width=\"300\" height=\"289\" src=\"https:\/\/gualaxovivo.com.br\/wp-content\/uploads\/2022\/08\/musica-300x289.png\" class=\"attachment-medium size-medium\" alt=\"\" srcset=\"https:\/\/gualaxovivo.com.br\/wp-content\/uploads\/2022\/08\/musica-300x289.png 300w, https:\/\/gualaxovivo.com.br\/wp-content\/uploads\/2022\/08\/musica.png 493w\" sizes=\"(max-width: 300px) 100vw, 300px\" \/>\t\t\t\t\t<\/div>\n\t\t\t\t\t\t\t\t<div class=\"hotspot-content\">\n\t\t\t\t\t<p><audio class=\"wp-audio-shortcode\" id=\"audio-2803-5\" preload=\"none\" style=\"width: 100%;\" controls=\"controls\"><source type=\"audio\/mpeg\" src=\"https:\/\/gualaxovivo.com.br\/wp-content\/uploads\/2022\/10\/Minas-Geraes-Nao-Tem-Mar-\u29f8-Jaci-e-Mare-Cheia.mp3?_=5\" \/><a href=\"https:\/\/gualaxovivo.com.br\/wp-content\/uploads\/2022\/10\/Minas-Geraes-Nao-Tem-Mar-\u29f8-Jaci-e-Mare-Cheia.mp3\">https:\/\/gualaxovivo.com.br\/wp-content\/uploads\/2022\/10\/Minas-Geraes-Nao-Tem-Mar-\u29f8-Jaci-e-Mare-Cheia.mp3<\/a><\/audio><\/p>\n<p style=\"font-size: 12px\">M\u00fasica<br \/>\n<span style=\"font-size: 6.0pt;line-height: 107%\">https:\/\/youtu.be\/nXRD1jOcX2M<\/span><\/p>\n<p style=\"font-size: 12px\"><a href=\"https:\/\/gualaxovivo.com.br\/wp-content\/uploads\/2022\/08\/musica_fichas-prontas-pedagogica_passagem-2.pdf\" target=\"_blank\" rel=\"noopener\">Informa\u00e7\u00f5es textuais e imag\u00e9ticas contempor\u00e2neas sobre m\u00fasica, reunido em junho de 2022.<\/a><\/p>\n\t\t\t\t<\/div>\n\t\t\t<\/div>\n\t\t\t\t\t\n\t\t\t\t\t\t<div class=\"hotspot-info \" id=\"hotspot-hotspot-2801-5\">\n\t\t\t\t\n\t\t\t\t<h2 class=\"hotspot-title\">Xingamentos<\/h2>\t\t\t\t\t\t\t\t\t<div class=\"hotspot-thumb\">\n\t\t\t\t\t\t<img loading=\"lazy\" decoding=\"async\" width=\"262\" height=\"300\" src=\"https:\/\/gualaxovivo.com.br\/wp-content\/uploads\/2022\/08\/xingamentos-262x300.png\" class=\"attachment-medium size-medium\" alt=\"\" srcset=\"https:\/\/gualaxovivo.com.br\/wp-content\/uploads\/2022\/08\/xingamentos-262x300.png 262w, https:\/\/gualaxovivo.com.br\/wp-content\/uploads\/2022\/08\/xingamentos.png 417w\" sizes=\"(max-width: 262px) 100vw, 262px\" \/>\t\t\t\t\t<\/div>\n\t\t\t\t\t\t\t\t<div class=\"hotspot-content\">\n\t\t\t\t\t<p><audio class=\"wp-audio-shortcode\" id=\"audio-2803-6\" preload=\"none\" style=\"width: 100%;\" controls=\"controls\"><source type=\"audio\/mpeg\" src=\"https:\/\/gualaxovivo.com.br\/wp-content\/uploads\/2022\/10\/SOM-DE-CENSURA.mp3?_=6\" \/><a href=\"https:\/\/gualaxovivo.com.br\/wp-content\/uploads\/2022\/10\/SOM-DE-CENSURA.mp3\">https:\/\/gualaxovivo.com.br\/wp-content\/uploads\/2022\/10\/SOM-DE-CENSURA.mp3<\/a><\/audio><\/p>\n<p style=\"font-size: 12px\">Xingamentos<br \/>\n<span style=\"font-size: 6.0pt;line-height: 107%\"><span style=\"font-family: TimesNewRomanPSMT\">https:\/\/www.youtube.com\/watch?v=4TsvplV-w5U<\/span><\/span><\/p>\n<p style=\"font-size: 12px\"><a href=\"https:\/\/gualaxovivo.com.br\/wp-content\/uploads\/2022\/08\/xingamentos_fichas-prontas-pedagogica_passagem-8-9.pdf\" target=\"_blank\" rel=\"noopener\">Informa\u00e7\u00f5es textuais e imag\u00e9ticas contempor\u00e2neas sobre xingamentos, reunido em junho de 2022.<\/a><\/p>\n\t\t\t\t<\/div>\n\t\t\t<\/div>\n\t\t\t\t\t\n\t\t\t\t\t\t<div class=\"hotspot-info \" id=\"hotspot-hotspot-2801-6\">\n\t\t\t\t\n\t\t\t\t<h2 class=\"hotspot-title\">Pessoas falando<\/h2>\t\t\t\t\t\t\t\t\t<div class=\"hotspot-thumb\">\n\t\t\t\t\t\t<img loading=\"lazy\" decoding=\"async\" width=\"300\" height=\"261\" src=\"https:\/\/gualaxovivo.com.br\/wp-content\/uploads\/2022\/08\/pessoas-falando-300x261.png\" class=\"attachment-medium size-medium\" alt=\"\" srcset=\"https:\/\/gualaxovivo.com.br\/wp-content\/uploads\/2022\/08\/pessoas-falando-300x261.png 300w, https:\/\/gualaxovivo.com.br\/wp-content\/uploads\/2022\/08\/pessoas-falando.png 451w\" sizes=\"(max-width: 300px) 100vw, 300px\" \/>\t\t\t\t\t<\/div>\n\t\t\t\t\t\t\t\t<div class=\"hotspot-content\">\n\t\t\t\t\t<p><audio class=\"wp-audio-shortcode\" id=\"audio-2803-7\" preload=\"none\" style=\"width: 100%;\" controls=\"controls\"><source type=\"audio\/mpeg\" src=\"https:\/\/gualaxovivo.com.br\/wp-content\/uploads\/2022\/08\/pedagogico_passagem_pessoasFalando.mp3?_=7\" \/><a href=\"https:\/\/gualaxovivo.com.br\/wp-content\/uploads\/2022\/08\/pedagogico_passagem_pessoasFalando.mp3\">https:\/\/gualaxovivo.com.br\/wp-content\/uploads\/2022\/08\/pedagogico_passagem_pessoasFalando.mp3<\/a><\/audio><\/p>\n<p style=\"font-size: 12px\">Pessoas falando<br \/>\n<span style=\"font-size: 6pt\">https:\/\/www.youtube.com\/watch?v=L4e7AnU0Pro&amp;t=15s e https:\/\/www.youtube.com\/watch?v=qosmgU8Mw3U&amp;t=16s [editado]<\/span><\/p>\n<p style=\"font-size: 12px\"><a href=\"https:\/\/gualaxovivo.com.br\/wp-content\/uploads\/2022\/08\/pessoas-falando_fichas-prontas-pedagogica_passagem-5.pdf\" target=\"_blank\" rel=\"noopener\">Informa\u00e7\u00f5es textuais e imag\u00e9ticas contempor\u00e2neas sobre pessoas falando, reunido em junho de 2022.<\/a><\/p>\n\t\t\t\t<\/div>\n\t\t\t<\/div>\n\t\t\t\t\t\n\t\t\t\t\t\t<div class=\"hotspot-info \" id=\"hotspot-hotspot-2801-7\">\n\t\t\t\t\n\t\t\t\t<h2 class=\"hotspot-title\">Som urbano<\/h2>\t\t\t\t\t\t\t\t\t<div class=\"hotspot-thumb\">\n\t\t\t\t\t\t<img loading=\"lazy\" decoding=\"async\" width=\"300\" height=\"245\" src=\"https:\/\/gualaxovivo.com.br\/wp-content\/uploads\/2022\/08\/som-urbano-300x245.png\" class=\"attachment-medium size-medium\" alt=\"\" srcset=\"https:\/\/gualaxovivo.com.br\/wp-content\/uploads\/2022\/08\/som-urbano-300x245.png 300w, https:\/\/gualaxovivo.com.br\/wp-content\/uploads\/2022\/08\/som-urbano.png 431w\" sizes=\"(max-width: 300px) 100vw, 300px\" \/>\t\t\t\t\t<\/div>\n\t\t\t\t\t\t\t\t<div class=\"hotspot-content\">\n\t\t\t\t\t<p><audio class=\"wp-audio-shortcode\" id=\"audio-2803-8\" preload=\"none\" style=\"width: 100%;\" controls=\"controls\"><source type=\"audio\/mpeg\" src=\"https:\/\/gualaxovivo.com.br\/wp-content\/uploads\/2022\/10\/Som-de-Cidade-pequena.mp3?_=8\" \/><a href=\"https:\/\/gualaxovivo.com.br\/wp-content\/uploads\/2022\/10\/Som-de-Cidade-pequena.mp3\">https:\/\/gualaxovivo.com.br\/wp-content\/uploads\/2022\/10\/Som-de-Cidade-pequena.mp3<\/a><\/audio><\/p>\n<p style=\"font-size: 12px\">Som urbano<br \/>\n<span style=\"font-size: 6.0pt;line-height: 107%\"><span style=\"background-image: initial;background-position: initial;background-size: initial;background-attachment: initial\">https:\/\/www.youtube.com\/watch?v=fEGuUsQ8up8<\/span><\/span><\/p>\n<p style=\"font-size: 12px\"><a href=\"https:\/\/gualaxovivo.com.br\/wp-content\/uploads\/2022\/08\/som-urbano_fichas-prontas-pedagogica_passagem-1.pdf\" target=\"_blank\" rel=\"noopener\">Informa\u00e7\u00f5es textuais e imag\u00e9ticas contempor\u00e2neas sobre som urbano, reunido em junho de 2022.<\/a><\/p>\n\t\t\t\t<\/div>\n\t\t\t<\/div>\n\t\t\t<\/div>\n\n\n","protected":false},"excerpt":{"rendered":"","protected":false},"author":1,"featured_media":0,"parent":2361,"menu_order":3,"comment_status":"closed","ping_status":"closed","template":"","meta":{"footnotes":""},"_links":{"self":[{"href":"https:\/\/gualaxovivo.com.br\/index.php\/wp-json\/wp\/v2\/pages\/2803"}],"collection":[{"href":"https:\/\/gualaxovivo.com.br\/index.php\/wp-json\/wp\/v2\/pages"}],"about":[{"href":"https:\/\/gualaxovivo.com.br\/index.php\/wp-json\/wp\/v2\/types\/page"}],"author":[{"embeddable":true,"href":"https:\/\/gualaxovivo.com.br\/index.php\/wp-json\/wp\/v2\/users\/1"}],"replies":[{"embeddable":true,"href":"https:\/\/gualaxovivo.com.br\/index.php\/wp-json\/wp\/v2\/comments?post=2803"}],"version-history":[{"count":1,"href":"https:\/\/gualaxovivo.com.br\/index.php\/wp-json\/wp\/v2\/pages\/2803\/revisions"}],"predecessor-version":[{"id":2804,"href":"https:\/\/gualaxovivo.com.br\/index.php\/wp-json\/wp\/v2\/pages\/2803\/revisions\/2804"}],"up":[{"embeddable":true,"href":"https:\/\/gualaxovivo.com.br\/index.php\/wp-json\/wp\/v2\/pages\/2361"}],"wp:attachment":[{"href":"https:\/\/gualaxovivo.com.br\/index.php\/wp-json\/wp\/v2\/media?parent=2803"}],"curies":[{"name":"wp","href":"https:\/\/api.w.org\/{rel}","templated":true}]}}