{"id":159,"date":"2020-11-28T22:56:27","date_gmt":"2020-11-28T22:56:27","guid":{"rendered":"http:\/\/gualaxovivo.com.br\/?page_id=159"},"modified":"2020-12-07T19:04:01","modified_gmt":"2020-12-07T22:04:01","slug":"creditos-e-agradecimentos","status":"publish","type":"page","link":"https:\/\/gualaxovivo.com.br\/index.php\/apresentacao-sonoridades-do-gualaxo-do-norte-na-historia\/creditos-e-agradecimentos\/","title":{"rendered":"Cr\u00e9ditos e agradecimentos"},"content":{"rendered":"\n<p>Em constru\u00e7\u00e3o<\/p>\n\n\n\n<div class=\"wp-block-group\"><div class=\"wp-block-group__inner-container is-layout-flow wp-block-group-is-layout-flow\">\n<p><strong>Apoio:<\/strong><br><img decoding=\"async\" width=\"50\" src=\"http:\/\/gualaxovivo.com.br\/wp-content\/uploads\/2020\/11\/ufop.png\" alt=\"Logo da UFOP\">&nbsp;<img decoding=\"async\" src=\"http:\/\/gualaxovivo.com.br\/wp-content\/uploads\/2020\/11\/logo-uff.png\" alt=\"Logo da UFF\">&nbsp;<img decoding=\"async\" src=\"http:\/\/gualaxovivo.com.br\/wp-content\/uploads\/2020\/11\/logo-ufrj.png\" alt=\"Logo da UFRJ\"><\/p>\n<p><strong>Pitch:<\/strong> (Em constru\u00e7\u00e3o)<br><img decoding=\"async\" src=\"http:\/\/gualaxovivo.com.br\/wp-content\/uploads\/2020\/11\/pitch-1.png\" alt=\"Imagem de uma crian\u00e7a com um c\u00e9rebro todo ilustrado e a palavra 'pitch' escrita\"><\/p>\n<p style=\"bold\"><strong>Dados institucionais:<\/strong><br>Nome do projeto: \u201cCartografias Hist\u00f3rico-Sensoriais de Bento Rodrigues, Paracatu de Baixo e Gesteira\u201d<br>C\u00f3digo Fapemig:<\/p>\n<p><strong>Funda\u00e7\u00f5es participantes:<\/strong><br><img decoding=\"async\" src=\"http:\/\/gualaxovivo.com.br\/wp-content\/uploads\/2020\/11\/logo-fapemig.png\" alt=\"Logo da Fapemig\">&nbsp;<img decoding=\"async\" width=\"50\" src=\"http:\/\/gualaxovivo.com.br\/wp-content\/uploads\/2020\/11\/Logotipo-Gorceix.gif\" alt=\"Logo da Gorceix\">&nbsp;<img decoding=\"async\" width=\"70\" src=\"http:\/\/gualaxovivo.com.br\/wp-content\/uploads\/2020\/11\/logo-fundacao-renova.png\" alt=\"Logo da Funda\u00e7\u00e3o Renova\"><\/p>\n<\/div><\/div>\n\n\n\n<pre class=\"wp-block-code\"><code>  <\/code><\/pre>\n\n\n\n<p><\/p>\n","protected":false},"excerpt":{"rendered":"<p>Em constru\u00e7\u00e3o Apoio:&nbsp;&nbsp; Pitch: (Em constru\u00e7\u00e3o) Dados institucionais:Nome do projeto: \u201cCartografias Hist\u00f3rico-Sensoriais de Bento Rodrigues, Paracatu de Baixo e Gesteira\u201dC\u00f3digo..<\/p>\n","protected":false},"author":1,"featured_media":0,"parent":71,"menu_order":0,"comment_status":"closed","ping_status":"closed","template":"","meta":{"footnotes":""},"_links":{"self":[{"href":"https:\/\/gualaxovivo.com.br\/index.php\/wp-json\/wp\/v2\/pages\/159"}],"collection":[{"href":"https:\/\/gualaxovivo.com.br\/index.php\/wp-json\/wp\/v2\/pages"}],"about":[{"href":"https:\/\/gualaxovivo.com.br\/index.php\/wp-json\/wp\/v2\/types\/page"}],"author":[{"embeddable":true,"href":"https:\/\/gualaxovivo.com.br\/index.php\/wp-json\/wp\/v2\/users\/1"}],"replies":[{"embeddable":true,"href":"https:\/\/gualaxovivo.com.br\/index.php\/wp-json\/wp\/v2\/comments?post=159"}],"version-history":[{"count":7,"href":"https:\/\/gualaxovivo.com.br\/index.php\/wp-json\/wp\/v2\/pages\/159\/revisions"}],"predecessor-version":[{"id":255,"href":"https:\/\/gualaxovivo.com.br\/index.php\/wp-json\/wp\/v2\/pages\/159\/revisions\/255"}],"up":[{"embeddable":true,"href":"https:\/\/gualaxovivo.com.br\/index.php\/wp-json\/wp\/v2\/pages\/71"}],"wp:attachment":[{"href":"https:\/\/gualaxovivo.com.br\/index.php\/wp-json\/wp\/v2\/media?parent=159"}],"curies":[{"name":"wp","href":"https:\/\/api.w.org\/{rel}","templated":true}]}}

Créditos e agradecimentos

<p>Em construção</p>



<div class="wp-block-group"><div class="wp-block-group__inner-container is-layout-flow wp-block-group-is-layout-flow">
<p><strong>Apoio:</strong><br><img decoding="async" width="50" src="http://gualaxovivo.com.br/wp-content/uploads/2020/11/ufop.png" alt="Logo da UFOP">&nbsp;<img decoding="async" src="http://gualaxovivo.com.br/wp-content/uploads/2020/11/logo-uff.png" alt="Logo da UFF">&nbsp;<img decoding="async" src="http://gualaxovivo.com.br/wp-content/uploads/2020/11/logo-ufrj.png" alt="Logo da UFRJ"></p>
<p><strong>Pitch:</strong> (Em construção)<br><img decoding="async" src="http://gualaxovivo.com.br/wp-content/uploads/2020/11/pitch-1.png" alt="Imagem de uma criança com um cérebro todo ilustrado e a palavra 'pitch' escrita"></p>
<p style="bold"><strong>Dados institucionais:</strong><br>Nome do projeto: “Cartografias Histórico-Sensoriais de Bento Rodrigues, Paracatu de Baixo e Gesteira”<br>Código Fapemig:</p>
<p><strong>Fundações participantes:</strong><br><img decoding="async" src="http://gualaxovivo.com.br/wp-content/uploads/2020/11/logo-fapemig.png" alt="Logo da Fapemig">&nbsp;<img decoding="async" width="50" src="http://gualaxovivo.com.br/wp-content/uploads/2020/11/Logotipo-Gorceix.gif" alt="Logo da Gorceix">&nbsp;<img decoding="async" width="70" src="http://gualaxovivo.com.br/wp-content/uploads/2020/11/logo-fundacao-renova.png" alt="Logo da Fundação Renova"></p>
</div></div>



<pre class="wp-block-code"><code>  </code></pre>



<p></p>

<p>Em construção Apoio:&nbsp;&nbsp; Pitch: (Em construção) Dados institucionais:Nome do projeto: “Cartografias Histórico-Sensoriais de Bento Rodrigues, Paracatu de Baixo e Gesteira”Código..</p>
